s(u). Give x(y).
-3
Suppose -g + 11*g = 30. Let i be (-3)/((g/6)/((-3)/(-6))). Let d(v) = -v**3 - 3*v**2 + 2*v - 3. Determine d(i).
-9
Let k(a) = 6*a**3 + 3*a**2 - 2*a - 1. Let m(b) = b**3 + 5*b**2 - 6*b + 1. Let c be m(-6). Let q be k(c). Let x(h) = -2*h**2 + 9*h - 1. Give x(q).
-19
Let c(m) be the third derivative of m**6/120 - m**5/60 - m**4/24 - 34*m**2. Calculate c(2).
2
Suppose -60 = s + 3*s. Let v = -12 - s. Suppose -v*r + 27 = 2*c, 0*c = -4*c - 4*r + 44. Let z(h) = -h**3 + 5*h**2 + 9*h - 8. What is z(c)?
10
Let w(g) = -g**2 - g + 11. Suppose -4*n - 28 = -4*i, -10*n + 5*n = 2*i + 49. Determine w(n).
-61
Let z(s) = -s**2 - 11*s + 6. Let a = 157 + -168. Give z(a).
6
Let d(l) = l**3 - 4*l**2 + 4. Let g = -48 - -52. Let i be d(g). Let b(t) = -t**2 + 4*t + 3. Determine b(i).
3
Let d = 70 - 67. Let m(x) = d*x - x - 2*x - 2*x**2 - x. What is m(-1)?
-1
Let v = -10 + 15. Let n(h) be the second derivative of -h**6/240 + h**5/40 + h**4/12 + 4*h. Let a(s) be the third derivative of n(s). Determine a(v).
-12
Let j(y) = y**3 - 4*y**2 - 4*y - 2. Suppose 2*r - r = 5*k - 24, 32 = 5*k - 3*r. Let w(v) = v**3 - 3*v**2 - 5*v + 9. Let p be w(k). What is j(p)?
3
Let q(x) = -30*x**3 - 33*x**3 - 3 - 9*x**2 + 64*x**3. Let k be q(9). Let b(i) = -i - 2. Calculate b(k).
1
Let r(u) = -u**3 - u**2 + 4*u + 3. Let b(g) = g**2 + 7*g - 2. Let h be b(5). Let q = -37 + h. Let z = q - 23. What is r(z)?
-1
Let w(k) = 3*k**2 + 8*k + 2. Let b(l) = 2*l + 7. Let s be b(-6). Let n(i) = -4*i**2 - 9*i - 2. Let f = 7 - 11. Let u(o) = f*n(o) + s*w(o). Give u(5).
3
Let i(m) be the first derivative of -m**4/4 + 11*m**3/3 - m**2/2 + 4*m - 118. Give i(11).
-7
Let f(y) be the first derivative of y**2/2 - 2*y + 147. Let h(m) = -4*m - 1. Let i be h(1). Calculate f(i).
-7
Let q(h) = 2*h + 1. Suppose -u + 36 = 4*v, 3*v = 5*u - 66 + 1. Suppose -n = 3*o + 4, 0 = -4*n - o - o - u. Determine q(n).
-7
Let f(d) be the first derivative of -d**3/3 - 9*d**2 + 9*d + 275. What is f(-19)?
-10
Let k = 2 + -7. Let r(q) be the second derivative of 2/3*q**3 + 1/20*q**5 + q**2 + 1/2*q**4 + 0 - 8*q. Give r(k).
7
Let m(q) = -3*q**2 + 11*q - 4. Suppose -s = 5*w - 8 - 16, -4*s - 2*w = -6. Let v(z) = z**2 - z + 1. Let p(n) = s*m(n) - 4*v(n). Determine p(-7).
0
Suppose j = -3*j + 24. Let u(t) = 15*t + 339. Let s be u(-22). Let v(m) = j*m - s*m**2 + 24*m**2 + 2 - 14*m**2. What is v(-4)?
-6
Let c(u) = 8 + 0*u + u + 1. Let m be c(-9). Let p(a) = -4 + 7*a - 3*a**2 - a**2 + 3*a**2 + m*a**2. What is p(4)?
8
Let b(t) = -t**3 + 3*t**2. Suppose -y - w + 7 = 0, 10*y + 23 = 15*y + w. What is b(y)?
-16
Let z(v) = v**2 + v. Let j = 17 + -13. Suppose -5*r - 4 = j*i, -4*i - 2 = 3*r - 6. Suppose -u - i*u = 0. What is z(u)?
0
Suppose -6 = h - 2*a, 4*a = a - 3. Let o(d) = -d**3 - 8*d**2 - 3*d + 11. Determine o(h).
35
Let h(p) = p**2 + 13*p - 13. Let o(r) = -r**3 + 26*r**2 - 46*r - 62. Let u be o(24). Give h(u).
1
Let d(y) = y**2 + 5*y - 6. Let p be d(-5). Let n(x) = x - 1. Let b(a) = -a - 13. Let m be b(-12). Let c(f) = -2*f - 6. Let h(l) = m*n(l) - c(l). Give h(p).
1
Let r(q) = q**3 + q + 1. Let v(b) = -5*b**3 - b**2 - 8*b - 7. Let k(p) = 6*r(p) + v(p). Let j(d) = -2*d**2 - 2*d + 2. Let u be j(-2). Give k(u).
-9
Let k(j) = 5*j**2 - 2. Let x(w) = -13*w**2 + 4. Let i(u) = -5*k(u) - 2*x(u). Calculate i(4).
18
Let d(y) = -2*y**2 + 2*y + 2. Suppose 412*r - 18 = 418*r. Calculate d(r).
-22
Let q(w) = 4*w**3 + w**2 + 5*w + 3. Let h(u) = u**3 - u**2 + u. Let v(m) = -5*h(m) + q(m). Let s be (-3)/2 + (-45)/(-6). Give v(s).
3
Suppose 9*i = i. Let c = i - 4. Let g(o) = o. Determine g(c).
-4
Let a(b) = -10*b + 6*b - b - 6 + 4*b - b. What is a(7)?
-20
Let m(g) = 2*g**2 + 10*g - 27. Let a(s) = s**2 + 5*s - 13. Let u(j) = -13*a(j) + 6*m(j). Determine u(-6).
1
Let t(m) = -4*m**3 - 5*m**2 + 8*m - 9. Let g(s) = -s**3 + s - 2. Let p(r) = -5*g(r) + t(r). Suppose 2*n - 8 = -0*n. Determine p(n).
-3
Let y(c) be the second derivative of c**4/12 - 3*c**3/2 + 4*c**2 + 651*c. Suppose 24 = 5*n + 4*a, -5 = 2*n + 5*a - 1. Give y(n).
0
Suppose -k + 60*j - 65*j - 19 = 0, 0 = 4*k + 2*j + 22. Let w(u) = -u**3 - 3*u**2 + 3*u - 2. Determine w(k).
2
Let t = 1 - 7. Let p be 3/6*-10*-1. Let m(g) = 2 + g**3 + p*g + 9*g + 11*g + 6*g**2 - 24*g. Determine m(t).
-4
Let z be 2/12 - 845/(-78). Let b(m) = 3*m + 6*m - 2 - z*m. Let x = -4 + 7. Determine b(x).
-8
Let h(r) = r - 7. Suppose 0 = -3*w + 2*t - 57, 2*w - 4*t = -7 - 23. Let n be (w - -10)/(1/1). Let s = n - -16. Give h(s).
-2
Let m(b) = -b**2 + 12*b - 2. Let d = 586 - 576. Determine m(d).
18
Suppose f + 4*k - 6 = 0, -3*k = 4*f - 8*k - 3. Let u(n) be the first derivative of n**3 - 1/4*n**4 - n**2 + 3 - n. Calculate u(f).
-1
Let p(q) = -5*q**3 + 8*q**2 - 8*q + 16. Let v(k) = -4*k**3 + 9*k**2 - 9*k + 15. Let m(y) = 3*p(y) - 4*v(y). What is m(11)?
-1
Let z(u) = -u**3 - 9716 + 9713 + 3*u**2 - 9*u - 11*u**2. Let d(x) = -x**2 - 9*x - 4. Let i be d(-7). Suppose 3*f + i - 1 = -4*b, -2*b + 34 = -4*f. What is z(f)?
11
Let i(j) = -2*j + 3. Let m = -379 - -376. Determine i(m).
9
Suppose -3*q = -t + 19, 4*t = 4*q - 9*q - 9. Let m(u) = t*u + 7 + 0 - u**2 + u. Let w(r) = -r**3 + 5*r**2 - 4*r. Let h be w(3). Determine m(h).
1
Let g(h) = -4*h + 1 - 2*h**2 + 4*h**2 + 2*h. Let j(s) = -s**2 + 5*s + 51. Suppose -9*y + 35 = -16*y. Let m be j(y). Determine g(m).
1
Let q(u) be the second derivative of -1 - u**2 - 1/2*u**3 + 20*u + 1/4*u**4. Suppose 4*p - 2*p - 6 = 0. Give q(p).
16
Suppose -40*v + 45*v = 0, 2*w = -3*v - 18. Let f(b) = b**2 + 13*b + 3. Give f(w).
-33
Let z(d) = d + 6. Let y be z(0). Let s(u) = -4*u + y + 2 - 5. Determine s(2).
-5
Let m(z) = -2*z**3 - 2*z - 1. Let f(c) = c**3 + 6*c**2 - 7*c + 7. Let b = 7 + -14. Let j be f(b). Suppose -4*s = -2*i - 0 - 10, i + 4*s - j = 0. Calculate m(i).
3
Suppose -21*v = 5 + 16. Let z(y) = 8*y - 1. What is z(v)?
-9
Suppose 190 = -118*x + 137*x. Let w(p) = p**2 - 8*p + 5. Determine w(x).
25
Suppose -61*i + 60*i = -2. Let z(l) = -i - l**3 + 18*l - 3*l**2 + 2*l**3 + 15*l - 30*l. What is z(3)?
7
Let f(l) = l**3 + 7*l**2 - 7*l + 4. Let n = 29 + -25. Let b be (n/(-3))/(3/18). Calculate f(b).
-4
Let n = 21 + -6. Let f = 17 - n. Let a(z) = -2*z**2 - 3*z - f*z - 2 + 3*z - 2*z**3 + z**3. Calculate a(-2).
2
Let g = 106 - 202. Let x = 97 + g. Let l(m) = m. What is l(x)?
1
Let q(s) be the first derivative of s**4/4 + 4*s**3/3 - 2*s**2 - 7*s + 207. Let y = 5 + -10. Give q(y).
-12
Let r(b) = -4 + 158*b - 75*b - 89*b. What is r(-6)?
32
Suppose 0 = -2*l - 3*c + 2, -24*l + 2*c = -19*l - 24. Let t(s) = s - 2. What is t(l)?
2
Let v(w) = 9*w**3 + 2*w**2 - w - 2. Let s(y) = 28*y**3 + 7*y**2 - 3*y - 7. Let l = -23 + 16. Let m(r) = l*v(r) + 2*s(r). Suppose 5*p + 1 = 6. Determine m(p).
-6
Suppose 3*z + 0*w - 6 = -3*w, 4*w + 12 = z. Let a(q) = -z + q**2 + 2 + 1 - 2*q + 4*q. Calculate a(-5).
14
Suppose -x - 2*l + 1 = -0*x, 2*x = 2*l + 26. Let t(m) = -m + 17. Determine t(x).
8
Let v be (-2)/3*3 - -7. Let d(c) = 5*c + 5*c - 3 + 1 - v*c. What is d(2)?
8
Let m(b) = -4*b**3 - 14*b**2 - 30*b + 30. Let l(t) = t**3 + 5*t**2 + 10*t - 10. Let g(r) = 7*l(r) + 2*m(r). Calculate g(8).
6
Let t(s) = -1 - 2*s + 0 + 2. Let x(l) = l**3 - l**2 + 9. Let c be x(0). Let p = c - 6. Give t(p).
-5
Let x(y) = y**3 + 10*y**2 + 9*y + 8. Let t be (-9)/15*1 - (-210)/(-25). Give x(t).
8
Suppose -r = -5*r + 24. Let i(s) = -s - 11 + 5*s + 5*s - 2*s. Let m(y) = 15*y - 22. Let z(h) = -13*i(h) + 6*m(h). Determine z(r).
5
Let d be 18/(-45) - 2/10*-27. Let z(s) be the first derivative of -4 + d*s + 3*s**2 + 1/3*s**3. Calculate z(-6).
5
Let b(r) = 3*r + 3 - 27 + 16 + 14. Calculate b(-4).
-6
Suppose -4*p - 5*d = -11, -6 = -5*p + 4*d + 18. Let q(h) = -5 + 4 + p*h - 24*h. Give q(-1).
19
Let p(t) = 4*t - 1. Let d(u) = u**2 + 3*u - 6. Let x be d(-4). Let w be -1*(-3)/x*-2. Calculate p(w).
11
Let j(z) be the third derivative of -z**4/24 - 8*z**3/3 - 149*z**2. Give j(-13).
-3
Let k(y) = 144*y + 44. Let o(j) = -26*j - 9. Let s(d) = 2*k(d) + 11*o(d). What is s(18)?
25
Let r(z) be the second derivative of -z**4/12 + 4*z**3/3 - 26*z - 2. Give r(7).
7
Let d(z) = z**3 - 7*z**2 + 5*z + 8. Let k be d(6). Let w(m) = -1 - m**2 + 2*m**k + 0 + 7*m. Suppose -303 = -3*u - 324. What is w(u)?
-1
Let u = -14 - -18. Let f(t) = u + 0*t - 13 - t + 0. Determine f(-9).
0
Let p(q) = 7*q*